1 + 3)?
7
Suppose 2*m - 3*t = -7, m = 3*t + 2*t - 21. Suppose -2*q + 39 = -3*p, m*p + 24 = 4*q - 52. What is the tens digit of (23 + 1)/(q/24)?
3
Let t(c) = c**3 + 19*c**2 - 25*c + 50. What is the tens digit of t(-18)?
2
Suppose -c = -4*j - 1479, 4*c - 3*j - 5902 = -12. What is the tens digit of c?
7
Let q = 3718 - 2648. What is the thousands digit of q?
1
Let u be -3 - ((17 - 4) + -5). Let c be 43/(-2) - 2/(-4). Let y = u - c. What is the units digit of y?
0
Let x = -7 + 10. Suppose -5*i = -p - 44, x*p - 11 = -i + p. Let f = i - 2. What is the units digit of f?
7
Let n(b) = 2*b - 20. Let q be n(10). Suppose r - 5*h - 34 = q, -5*r + 2*h = 11 - 66. Let z(x) = x**2 - 7*x + 7. What is the units digit of z(r)?
5
Suppose 3*d - 5*d + 600 = 5*r, -4*r = 0. What is the units digit of d?
0
Let c(i) be the third derivative of -i**6/120 + 7*i**5/60 + 5*i**4/12 - i**3 - 2*i**2. Let s(r) = r**2 - r - 4. Let g be s(4). What is the units digit of c(g)?
0
Suppose -4*n = -8 - 8. Suppose 5*g + 0*q = -4*q - 2, n*q - 14 = 3*g. What is the tens digit of 14 + 2*(g - -1)?
1
Let f be (-5*1)/((-9)/(-63)). Let a = f + -18. Let j = a - -100. What is the tens digit of j?
4
Suppose 4*p + 0 = -0. Suppose w - 44 - 7 = p. What is the units digit of w?
1
What is the hundreds digit of (29/87)/((-1)/(-61608)*4)?
1
Suppose 3*y - 4*m = 0, -5*m = -2*y - m. Suppose 5*w + 246 = -2*u + 4*u, y = u + w - 109. What is the units digit of u?
3
Let p = 48 - 7. Suppose -2*s + 257 + p = 0. What is the hundreds digit of s?
1
Let s(i) = -i**2 - 5*i + 24. Let a be s(-8). Suppose 3*n - 4*d - 340 = a, 0*d + 444 = 4*n + 4*d. What is the units digit of n?
2
Let j be 1*(-3*26)/3. Let h(w) = -w + 31. What is the units digit of h(j)?
7
Let u be 1/(-6) - 889/(-6). Suppose -2*r + 7*r + 296 = 4*x, 2*x - u = 4*r. What is the tens digit of x?
7
Suppose -5*k + 975 = -10*k. Let j = k - -407. What is the hundreds digit of j?
2
Let t = 53 - 60. What is the units digit of -1*(t + 11)*210/(-8)?
5
Let o(y) = -7*y - 2 + 4 + 8 + 2. What is the tens digit of o(-6)?
5
Suppose 25*z = 4415 + 10260. What is the tens digit of z?
8
Suppose -3*t - t - 19 = -y, 3*y - 2*t - 7 = 0. Let p(b) be the third derivative of -b**6/24 + b**5/60 - b**3/6 - 8*b**2. What is the units digit of p(y)?
5
Suppose -3*y + 2*y = 0. Suppose h - 4*a - 94 = y, 0*h - a - 260 = -3*h. Suppose 4*q - d - 92 = 0, 3*q - 6*q + h = -5*d. What is the tens digit of q?
2
Let w(d) = 113*d - 307. What is the tens digit of w(21)?
6
Let d(f) = -f**3 - 6*f**2 - 3*f + 7. Let u be d(-5). Let j(g) = g**3 + 3*g**2 + g - 4. Let c be j(u). What is the tens digit of (-153)/c - (-2)/14?
2
Let d = 21 + -71. Let v = d + 104. What is the units digit of v?
4
Let o = 252 - -209. What is the hundreds digit of o?
4
Suppose -173 = 5*y + 2. Let b(o) = -3*o**3 + 2*o**2 - 2*o - 1. Let n be b(-2). Let v = n - y. What is the units digit of v?
0
Let r(o) = o**2 + 4*o - 6. Let d be r(-3). Let w = 9 + d. Suppose -5*s + 4*q + 269 = w, -s + 37 = -0*s - 5*q. What is the units digit of s?
7
Let p(c) = c**3 - 27*c**2 - 53*c + 17. What is the units digit of p(29)?
2
Let g(l) = -l**2 - 35*l - 13. What is the hundreds digit of g(-20)?
2
Let k(q) = q**2 - 4*q + 1. Suppose 0 = 5*s - 20 - 5. Let t be k(s). What is the units digit of (-5)/(-15) - (-34)/t?
6
What is the hundreds digit of (-2224 + -4)*1/(-4)?
5
Let q(g) = 9*g**3 + 3 - 3*g**3 - 2 - 14*g**3 + 3*g. What is the tens digit of q(-2)?
5
Suppose 5*w - 170 = 2*t, 74 = 2*w - 5*t - 15. Let v = 57 - w. What is the units digit of v?
5
Let l(p) = p**2 - 6*p + 17. Let a(m) = m**2 - 5*m + 16. Let x(d) = -4*a(d) + 5*l(d). What is the units digit of x(10)?
1
Let g(p) = -p**3 - 5*p**2 + p - 3. Suppose -5 = -3*v - 5*o, -3*v + 4*o - 19 = 3*o. Let d be g(v). What is the units digit of (d/3)/(5/(-15))?
8
Suppose 178 = 6*y - 200. Suppose 212 + y = 11*d. What is the tens digit of d?
2
Suppose 4*l + 33 = 3*b - 761, 1069 = 4*b + 5*l. What is the units digit of b?
6
Let b = -72 + 1271. What is the tens digit of b?
9
Let z be (0 + 0)/(1 + 1). Suppose -3*f + 3 = -z. Suppose -o + f = -0*o, -5*q = o - 131. What is the tens digit of q?
2
Suppose -4*c - 2*p + p = -371, 88 = c + 5*p. Suppose 0 = a - c - 0. Suppose 2*r + r = a. What is the units digit of r?
1
Suppose 9*p + 7105 = 25816. What is the units digit of p?
9
Suppose 3510 = 10*b - b. What is the hundreds digit of b?
3
Let m(d) = 5*d**2 - 2 - 4 + 4 + 6*d - 5*d. Let x be (1/3)/((-1)/(-6)). What is the units digit of m(x)?
0
Let x = 16 - 53. Let w = 18 + x. Let f = w + 48. What is the tens digit of f?
2
Let p(y) = -11*y**3 + 33*y**2 + 27*y + 10. Let s(x) = -4*x**3 + 11*x**2 + 9*x + 3. Let w(v) = -3*p(v) + 8*s(v). What is the units digit of w(12)?
0
Suppose 4*y - 19*c = -14*c + 10, -5*c - 10 = -5*y. Let w = 15 + -9. Suppose -w*u = -y*u - 270. What is the units digit of u?
5
Let q(t) = -56*t**3 + 2*t + 1. What is the tens digit of q(-2)?
4
Suppose -3*g = 2*t - 7, 3*t - 3 + 2 = 5*g. Suppose 5*y - t*p = 564, 4*y - 671 + 227 = 4*p. What is the tens digit of y?
1
Let w be (-4 - -8) + 18/1. Suppose -w + 5 = -m. What is the units digit of m?
7
Let r(j) = 63*j**3 - j**2. What is the tens digit of r(3)?
9
Suppose 0 = 6*g - 8*g + 2*o + 902, -g - 4*o + 441 = 0. What is the tens digit of g?
4
Let a = -23 + 44. Let j = 21 - a. Suppose 2*d + 5*u - 2*u = 15, -d + u + 15 = j. What is the units digit of d?
2
Let c(m) = m + 2. Let q be c(-7). Let z = 11 + q. What is the tens digit of -7*z/((-8)/4)?
2
Let r = 45 + -36. Let v = 61 - r. What is the tens digit of v?
5
Suppose r - 63*y - 1864 = -62*y, 7468 = 4*r + 2*y. What is the tens digit of r?
6
Suppose 84 + 18 = -2*i + 4*c, -75 = i + 4*c. Let l = -12 - i. What is the tens digit of l?
4
Suppose -5*g - 68 = 57. Let u = g - -27. Suppose u*x = -5*s + 124, 2*s - 2*x - 2*x - 64 = 0. What is the tens digit of s?
2
Suppose -7073 = -38*l + 27*l. What is the tens digit of l?
4
Suppose -31*u + 35 = -24*u. Let f(w) = w**3 + 9*w**2 - 2*w + 5. Let b be f(-4). Suppose -27 = -u*z + b. What is the units digit of z?
4
Let x = -14 + 19. Suppose -264 = x*q + 3*q. What is the units digit of q/(-44) + 189/4?
8
Suppose -4*g + 5*t + 0*t + 449 = 0, 0 = 2*t + 10. Suppose 5*o = -3*w + 86, -3*o + 2*o - g = -5*w. What is the tens digit of w?
2
Let v(t) = -t + 2. Let j be v(-2). Let f be (j/6)/((-1)/(-3)). Let g = 3 - f. What is the units digit of g?
1
Suppose 5*a - a + 92 = 0. Let n = 85 + a. What is the units digit of n?
2
Let m(y) = -569*y - 85. What is the units digit of m(-3)?
2
Let j = 454 + 78. What is the tens digit of j?
3
Let n(m) = m - 1. Let g = -4 - -10. Let v be n(g). Suppose 0*h + 5*d = -2*h + 66, -v*d + 38 = h. What is the tens digit of h?
2
Let r be 56/12*(-3)/(-2). Suppose -r*m = 12*m - 5510. What is the units digit of m?
0
Let l be (-20)/(-8)*(-296)/(-10). Suppose 5*u = 20, 4*k + u - l = -k. Suppose -26 = -4*d + k. What is the tens digit of d?
1
Let u(c) = -c**2 - 8*c. Let l be u(-8). What is the tens digit of l + 280/5 + 4?
6
Let p = 4551 + -2837. What is the thousands digit of p?
1
Let m = -162 - -448. What is the units digit of m?
6
Let u(x) = x**2 - 8*x + 6. Let o be u(7). Let z(t) = -9*t**2. Let d be z(o). Let c(p) = -p**2 - 10*p - 3. What is the units digit of c(d)?
6
Suppose 11*w - 2 = 31. Suppose 0 = 5*v + 3*i - 1456, 2*i = -w*v - 0*i + 873. What is the hundreds digit of v?
2
Suppose f - 4*o - 775 = 0, -15*o = -f - 12*o + 773. What is the units digit of f?
7
Let c = -403 - -684. What is the hundreds digit of c?
2
Let z(t) = t - 5. Let y be z(10). Suppose j - x - 97 = 0, x - 4 = y*x. What is the tens digit of j?
9
Suppose -76 = -3*d + 80. Let p = 76 - d. Suppose 4*a + p = 104. What is the units digit of a?
0
Let p = -334 + 556. What is the hundreds digit of p?
2
Suppose -2*g + 3*g - 281 = -d, 4*d = -g + 1121. What is the units digit of d?
0
Suppose 0 = 2*h - 2*o - 22, 0*o = 4*o + 12. Let n be (-1)/2*h*6. What is the tens digit of (1/1)/((-2)/n)?
1
Let n = -13 + 16. Suppose -34 + 136 = 2*s - n*t, -4*s - t + 218 = 0. What is the units digit of s?
4
Let y = -356 - -676. What is the tens digit of y?
2
Suppose 3*a = -a + 24. Suppose 2*t + 147 = 187. Suppose 188 = a*r + t. What is the units digit of r?
8
Suppose -5*r - 5*x + 960 = 0, r + 2*x + 364 = 3*r. What is the hundreds digit of r?
1
